multiple of 53?
False
Does 7 divide 357?
True
Does 8 divide 656?
True
Is 1591 a multiple of 58?
False
Is 2532 a multiple of 12?
True
Is 85 a factor of 17155?
False
Does 59 divide 2216?
False
Does 92 divide 2188?
False
Is 32956 a multiple of 131?
False
Is 30 a factor of 5430?
True
Is 65 a factor of 38429?
False
Is 403 a multiple of 13?
True
Is 817 a multiple of 49?
False
Does 11 divide 226?
False
Is 1125 a multiple of 88?
False
Is 104576 a multiple of 16?
True
Does 70 divide 630?
True
Does 32 divide 5857?
False
Is 106 a factor of 5958?
False
Is 20 a factor of 18460?
True
Is 10 a factor of 2830?
True
Is 16891 a multiple of 214?
False
Is 13 a factor of 13706?
False
Does 11 divide 45859?
True
Is 314 a factor of 127170?
True
Is 24 a factor of 1350?
False
Does 5 divide 130?
True
Is 115 a factor of 4830?
True
Does 3 divide 10094?
False
Does 141 divide 95864?
False
Is 952 a multiple of 4?
True
Is 49 a factor of 980?
True
Does 8 divide 3968?
True
Is 9 a factor of 13905?
True
Does 6 divide 205?
False
Is 10271 a multiple of 135?
False
Does 17 divide 170?
True
Is 1716 a multiple of 11?
True
Is 29 a factor of 8468?
True
Is 106 a factor of 1272?
True
Does 4 divide 29512?
True
Is 27547 a multiple of 175?
False
Does 35 divide 709?
False
Is 15 a factor of 1429?
False
Is 6 a factor of 569?
False
Is 960 a multiple of 15?
True
Is 76389 a multiple of 53?
False
Is 99 a factor of 495?
True
Is 10250 a multiple of 29?
False
Is 2607 a multiple of 220?
False
Is 19 a factor of 7676?
True
Does 7 divide 3437?
True
Does 42 divide 1218?
True
Does 17 divide 36958?
True
Is 44 a factor of 572?
True
Does 14 divide 1246?
True
Does 169 divide 54925?
True
Is 49 a factor of 9119?
False
Does 8 divide 232?
True
Does 7 divide 6984?
False
Is 2160 a multiple of 12?
True
Is 6766 a multiple of 40?
False
Is 68 a factor of 136?
True
Is 357 a multiple of 14?
False
Is 104 a factor of 7904?
True
Is 792 a multiple of 49?
False
Does 20 divide 21143?
False
Is 5094 a multiple of 18?
True
Does 49 divide 3822?
True
Does 12 divide 108?
True
Is 159 a factor of 90916?
False
Is 7819 a multiple of 13?
False
Is 360 a multiple of 6?
True
Is 173 a multiple of 2?
False
Is 35378 a multiple of 19?
True
Is 9845 a multiple of 176?
False
Is 73 a factor of 730?
True
Is 15 a factor of 15021?
False
Does 19 divide 62175?
False
Does 7 divide 70?
True
Is 48 a multiple of 27?
False
Does 22 divide 3256?
True
Does 105 divide 18298?
False
Does 26 divide 1118?
True
Is 4 a factor of 484?
True
Does 12 divide 514?
False
Does 188 divide 6580?
True
Is 38 a factor of 20659?
False
Is 2260 a multiple of 38?
False
Is 93 a factor of 9592?
False
Is 18407 a multiple of 28?
False
Is 8 a factor of 818?
False
Does 7 divide 847?
True
Is 27720 a multiple of 33?
True
Is 17 a factor of 2057?
True
Does 19 divide 2869?
True
Does 26 divide 10114?
True
Is 11 a factor of 33246?
False
Is 9 a factor of 969?
False
Is 6 a factor of 252?
True
Is 4832 a multiple of 23?
False
Is 980 a multiple of 10?
True
Is 4692 a multiple of 43?
False
Is 8 a factor of 2625?
False
Does 18 divide 6644?
False
Is 91 a factor of 9373?
True
Does 3 divide 2445?
True
Is 21248 a multiple of 8?
True
Does 43 divide 109865?
True
Is 2938 a multiple of 7?
False
Is 25 a factor of 40138?
False
Does 114 divide 19781?
False
Is 782 a multiple of 34?
True
Does 15 divide 19978?
False
Does 12 divide 3633?
False
Does 6 divide 27932?
False
Is 51 a factor of 35496?
True
Is 10521 a multiple of 11?
False
Is 92 a factor of 12328?
True
Does 20 divide 738?
False
Is 1207 a multiple of 11?
False
Is 10 a factor of 3377?
False
Is 5139 a multiple of 63?
False
Does 16 divide 2688?
True
Is 26 a factor of 940?
False
Does 3 divide 3959?
False
Is 94 a factor of 28012?
True
Does 122 divide 27485?
False
Is 54 a factor of 17118?
True
Does 11 divide 546?
False
Does 2 divide 266?
True
Does 17 divide 391?
True
Is 20767 a multiple of 81?
False
Does 13 divide 9269?
True
Does 75 divide 11700?
True
Does 15 divide 960?
True
Does 19 divide 155?
False
Is 5 a factor of 28409?
False
Does 20 divide 1140?
True
Is 11 a factor of 141162?
False
Does 184 divide 781?
False
Is 250 a multiple of 2?
True
Is 45101 a multiple of 119?
True
Is 87 a multiple of 22?
False
Is 3374 a multiple of 14?
True
Is 23 a factor of 15864?
False
Does 19 divide 1672?
True
Is 7 a factor of 3430?
True
Is 32 a factor of 14188?
False
Does 55 divide 5390?
True
Is 53 a factor of 20140?
True
Does 28 divide 2411?
False
Does 14 divide 19008?
False
Is 52 a factor of 21763?
False
Is 20409 a multiple of 85?
False
Does 8 divide 1254?
False
Does 38 divide 2508?
True
Is 5974 a multiple of 20?
False
Is 23976 a multiple of 27?
True
Does 17 divide 136?
True
Is 532 a multiple of 28?
True
Is 4351 a multiple of 17?
False
Is 12 a factor of 2841?
False
Does 3 divide 3300?
True
Is 8466 a multiple of 17?
True
Does 13 divide 65871?
True
Does 92 divide 2760?
True
Does 24 divide 447?
False
Does 30 divide 5650?
False
Is 16 a factor of 799?
False
Does 5 divide 149?
False
Does 9 divide 4059?
True
Is 9750 a multiple of 125?
True
Does 27 divide 1106?
False
Does 172 divide 25717?
False
Is 64723 a multiple of 59?
True
Is 50 a factor of 5178?
False
Is 1578 a multiple of 87?
False
Is 16980 a multiple of 10?
True
Is 3456 a multiple of 32?
True
Is 57 a factor of 32483?
False
Is 560 a multiple of 60?
False
Is 11 a factor of 341?
True
Is 47 a factor of 1927?
True
Does 23 divide 6180?
False
Is 56 a multiple of 14?
True
Does 103 divide 7622?
True
Is 32377 a multiple of 10?
False
Is 20329 a multiple of 29?
True
Does 245 divide 35280?
True
Is 54915 a multiple of 15?
True
Is 30 a factor of 7902?
False
Is 41 a factor of 259?
False
Is 8554 a multiple of 91?
True
Is 491 even?
False
Is 12896 a multiple of 16?
True
Is 4 a factor of 12?
True
Does 16 divide 16?
True
Is 11 a factor of 156?
False
Does 3 divide 4637?
False
Does 110 divide 3520?
True
Does 45 divide 16773?
False
Does 4 divide 220?
True
Is 84 a factor of 5292?
True
Does 67 divide 1608?
True
Is 42 a factor of 11508?
True
Is 16960 a multiple of 64?
True
Does 28 divide 14716?
False
Is 14 a factor of 5504?
False
Is 14 a factor of 33195?
False
Is 26 a factor of 1040?
True
Is 6 a factor of 156?
True
Is 798 a multiple of 38?
True
Does 56 divide 1792?
True
Is 11117 a multiple of 13?
False
Does 13 divide 996?
False
Is 268 a multiple of 67?
True
Does 25 divide 1692?
False
Is 31648 a multiple of 5?
False
Is 16 a factor of 4777?
False
Is 58 a factor of 1218?
True
Does 21 divide 9765?
True
Is 210 a multiple of 14?
True
Is 126 a multiple of 3?
True
Is 22 a factor of 308?
True
Does 2 divide 968?
True
Is 220 a factor of 15400?
True
Is 26 a factor of 2875?
False
Does 13 divide 95?
False
Is 24 a factor of 39216?
True
Is 25041 a multiple of 179?
False
Does 56 divide 57?
False
Does 195 divide 10541?
False
Is 50 a factor of 1840?
False
Does 14 divide 116746?
True
Is 4 a factor of 356?
True
Is 24 a factor of 10536?
True
Is 25 a factor of 2885?
False
Does 12 divide 3297?
False
Does 34 divide 3995?
False
Is 69989 a multiple of 55?
False
Is 43530 a multiple of 21?
False
Does 47 divide 94094?
True
Is 840 a multiple of 84?
True
Is 28 a factor of 1366?
False
Is 2932 a multiple of 5?
False
Is 1700 a multiple of 31?
False
Does 110 divide 79174?
False
Does 6 divide 512?
False
Does 16 divide 4322?
False
Is 2304 a multiple of 16?
True
Is 10 a factor of 1910?
True
Is 3146 a multiple of 121?
True
Does 28 divide 46?
False
Does 11 divide 165?
True
Is 655 even?
False
Is 4 a factor of 330?
False
Does 18 divide 363?
False
Does 36 divide 1764?
True
Does 24 divide 936?
True
Is 236 a factor of 11616?
False
Is 85 a multiple of 17?
True
Is 401 a multiple of 37?
False
Does 5 divide 30538?
False
Is 2754 a multiple of 6?
True
Is 425 a multiple of 17?
True
Is 16 a factor of 29168?
True
Is 1309 a multiple of 77?
True
Is 3942 a multiple of 27?
True
Is 13637 a multiple of 13?
True
Is 1914 a multiple of 29?
True
Is 15 a factor of 155?
False
Does 14 divide 798?
True
Is 8 a factor of 2560?
True
Is 140 a multiple of 2?
True
Is 480 a multiple of 60?
True
Does 30 divide 1350?
True
Does 13 divide 7566?
True
Does 303 divide 21210?
True
Does 102 divide 118593?
False
Does 264 divide 1834?
False
Is 12 a factor of 81864?
True
Is 98286 a multiple of 180?
False
Is 377 a multiple of 2?
False
Is 8 a factor